{"id":560,"date":"2018-05-09T16:23:09","date_gmt":"2018-05-09T16:23:09","guid":{"rendered":"https:\/\/orbixandorra.com\/?post_type=product&#038;p=560"},"modified":"2024-03-01T16:40:57","modified_gmt":"2024-03-01T16:40:57","slug":"mueble-bar-formato-baul","status":"publish","type":"product","link":"https:\/\/orbixandorra.com\/index.php\/producto\/mueble-bar-formato-baul\/","title":{"rendered":"Mueble bar formato ba\u00fal"},"content":{"rendered":"","protected":false},"excerpt":{"rendered":"<p>Excepcional mueble bar con el formato de un bello ba\u00fal de \u00e9poca. Dotado de ruedas se desplaza con toda suavidad. Multitud de espacios para copas, botellas y accesorios diversos. Tambi\u00e9n incorpora un tablero de juego (sin fichas). Acabados y complementos en cuero curtido y lat\u00f3n. Este modelo es en color blanquecino, pero tambi\u00e9n est\u00e1 disponible en color negro, verde campi\u00f1a, petrol y borgo\u00f1a.<\/p>\n<p>Medidas:\u00a058.9 X 62 X 147.1CM<\/p>\n","protected":false},"featured_media":561,"comment_status":"closed","ping_status":"closed","template":"","meta":[],"product_brand":[],"product_cat":[9],"product_tag":[],"class_list":{"0":"post-560","1":"product","2":"type-product","3":"status-publish","4":"has-post-thumbnail","6":"product_cat-vintage","8":"first","9":"instock","10":"purchasable","11":"product-type-simple"},"_links":{"self":[{"href":"https:\/\/orbixandorra.com\/index.php\/wp-json\/wp\/v2\/product\/560","targetHints":{"allow":["GET"]}}],"collection":[{"href":"https:\/\/orbixandorra.com\/index.php\/wp-json\/wp\/v2\/product"}],"about":[{"href":"https:\/\/orbixandorra.com\/index.php\/wp-json\/wp\/v2\/types\/product"}],"replies":[{"embeddable":true,"href":"https:\/\/orbixandorra.com\/index.php\/wp-json\/wp\/v2\/comments?post=560"}],"wp:featuredmedia":[{"embeddable":true,"href":"https:\/\/orbixandorra.com\/index.php\/wp-json\/wp\/v2\/media\/561"}],"wp:attachment":[{"href":"https:\/\/orbixandorra.com\/index.php\/wp-json\/wp\/v2\/media?parent=560"}],"wp:term":[{"taxonomy":"product_brand","embeddable":true,"href":"https:\/\/orbixandorra.com\/index.php\/wp-json\/wp\/v2\/product_brand?post=560"},{"taxonomy":"product_cat","embeddable":true,"href":"https:\/\/orbixandorra.com\/index.php\/wp-json\/wp\/v2\/product_cat?post=560"},{"taxonomy":"product_tag","embeddable":true,"href":"https:\/\/orbixandorra.com\/index.php\/wp-json\/wp\/v2\/product_tag?post=560"}],"curies":[{"name":"wp","href":"https:\/\/api.w.org\/{rel}","templated":true}]}}