{"id":508,"date":"2017-08-15T15:18:23","date_gmt":"2017-08-15T15:18:23","guid":{"rendered":"https:\/\/orbixandorra.com\/?post_type=product&#038;p=508"},"modified":"2025-12-29T17:12:24","modified_gmt":"2025-12-29T17:12:24","slug":"mova-globe-mapamundi-clasico-con-corrientes-marinas","status":"publish","type":"product","link":"https:\/\/orbixandorra.com\/index.php\/producto\/mova-globe-mapamundi-clasico-con-corrientes-marinas\/","title":{"rendered":"Mova Globe, mapamundi cl\u00e1sico con corrientes marinas"},"content":{"rendered":"","protected":false},"excerpt":{"rendered":"<p>Espectacular y novedoso globo terr\u00e1queo que gira con la fuerza del campo magn\u00e9tico de la tierra y la energ\u00eda lum\u00ednica ambiental, no precisa ni pilas, ni corriente. Hecho con tecnolog\u00eda punta y materiales de alta calidad. 4,5\u2033 (11,50cm.) de di\u00e1metro. Incluye la base transparente que se ve en la fotograf\u00eda. Este modelo est\u00e1 inspirado en los mapamundis cl\u00e1sicos; contiene much\u00edsima informaci\u00f3n incluyendo la localizaci\u00f3n y direcci\u00f3n de las corrientes marinas.<\/p>\n","protected":false},"featured_media":509,"comment_status":"closed","ping_status":"closed","template":"","meta":[],"product_brand":[],"product_cat":[10],"product_tag":[],"class_list":{"0":"post-508","1":"product","2":"type-product","3":"status-publish","4":"has-post-thumbnail","6":"product_cat-mova-globe","8":"first","9":"outofstock","10":"purchasable","11":"product-type-simple"},"_links":{"self":[{"href":"https:\/\/orbixandorra.com\/index.php\/wp-json\/wp\/v2\/product\/508","targetHints":{"allow":["GET"]}}],"collection":[{"href":"https:\/\/orbixandorra.com\/index.php\/wp-json\/wp\/v2\/product"}],"about":[{"href":"https:\/\/orbixandorra.com\/index.php\/wp-json\/wp\/v2\/types\/product"}],"replies":[{"embeddable":true,"href":"https:\/\/orbixandorra.com\/index.php\/wp-json\/wp\/v2\/comments?post=508"}],"wp:featuredmedia":[{"embeddable":true,"href":"https:\/\/orbixandorra.com\/index.php\/wp-json\/wp\/v2\/media\/509"}],"wp:attachment":[{"href":"https:\/\/orbixandorra.com\/index.php\/wp-json\/wp\/v2\/media?parent=508"}],"wp:term":[{"taxonomy":"product_brand","embeddable":true,"href":"https:\/\/orbixandorra.com\/index.php\/wp-json\/wp\/v2\/product_brand?post=508"},{"taxonomy":"product_cat","embeddable":true,"href":"https:\/\/orbixandorra.com\/index.php\/wp-json\/wp\/v2\/product_cat?post=508"},{"taxonomy":"product_tag","embeddable":true,"href":"https:\/\/orbixandorra.com\/index.php\/wp-json\/wp\/v2\/product_tag?post=508"}],"curies":[{"name":"wp","href":"https:\/\/api.w.org\/{rel}","templated":true}]}}