{"id":440,"date":"2017-05-18T17:38:07","date_gmt":"2017-05-18T17:38:07","guid":{"rendered":"http:\/\/casadanesa.apps-1and1.net\/?post_type=product&#038;p=440"},"modified":"2020-11-23T10:40:59","modified_gmt":"2020-11-23T10:40:59","slug":"the-book-cojin-de-lectura-color-marron","status":"publish","type":"product","link":"https:\/\/orbixandorra.com\/index.php\/producto\/the-book-cojin-de-lectura-color-marron\/","title":{"rendered":"The Book, coj\u00edn de lectura color marr\u00f3n"},"content":{"rendered":"","protected":false},"excerpt":{"rendered":"<p>Excelente art\u00edculo para poder leer en cualquier posici\u00f3n sin tener que sostener el libro en las manos. Blando y ligero se adapta a nuestro cuerpo o a cualquier superficie en donde lo queramos utilizar. El paso de hoja es de una sencillez excepcional. Se adapta perfectamente al iPad.\u00a0Color marr\u00f3n.<\/p>\n","protected":false},"featured_media":441,"comment_status":"closed","ping_status":"closed","template":"","meta":[],"product_brand":[],"product_cat":[16],"product_tag":[],"class_list":{"0":"post-440","1":"product","2":"type-product","3":"status-publish","4":"has-post-thumbnail","6":"product_cat-lectura","8":"first","9":"outofstock","10":"purchasable","11":"product-type-simple"},"_links":{"self":[{"href":"https:\/\/orbixandorra.com\/index.php\/wp-json\/wp\/v2\/product\/440","targetHints":{"allow":["GET"]}}],"collection":[{"href":"https:\/\/orbixandorra.com\/index.php\/wp-json\/wp\/v2\/product"}],"about":[{"href":"https:\/\/orbixandorra.com\/index.php\/wp-json\/wp\/v2\/types\/product"}],"replies":[{"embeddable":true,"href":"https:\/\/orbixandorra.com\/index.php\/wp-json\/wp\/v2\/comments?post=440"}],"wp:featuredmedia":[{"embeddable":true,"href":"https:\/\/orbixandorra.com\/index.php\/wp-json\/wp\/v2\/media\/441"}],"wp:attachment":[{"href":"https:\/\/orbixandorra.com\/index.php\/wp-json\/wp\/v2\/media?parent=440"}],"wp:term":[{"taxonomy":"product_brand","embeddable":true,"href":"https:\/\/orbixandorra.com\/index.php\/wp-json\/wp\/v2\/product_brand?post=440"},{"taxonomy":"product_cat","embeddable":true,"href":"https:\/\/orbixandorra.com\/index.php\/wp-json\/wp\/v2\/product_cat?post=440"},{"taxonomy":"product_tag","embeddable":true,"href":"https:\/\/orbixandorra.com\/index.php\/wp-json\/wp\/v2\/product_tag?post=440"}],"curies":[{"name":"wp","href":"https:\/\/api.w.org\/{rel}","templated":true}]}}