{"id":155,"date":"2017-03-10T16:58:51","date_gmt":"2017-03-10T16:58:51","guid":{"rendered":"http:\/\/casadanesa.apps-1and1.net\/?post_type=product&#038;p=155"},"modified":"2020-11-23T10:42:10","modified_gmt":"2020-11-23T10:42:10","slug":"bola-de-nieve-delfines","status":"publish","type":"product","link":"https:\/\/orbixandorra.com\/index.php\/producto\/bola-de-nieve-delfines\/","title":{"rendered":"Bola de nieve delfines"},"content":{"rendered":"","protected":false},"excerpt":{"rendered":"<p>Preciosa bola de nieve hecha de cristal con m\u00fasica y movimiento. Gira la escena en su interior mientras suena la melod\u00eda \u201cOver the Waves\u201d. Funcionamiento mec\u00e1nico por cuerda. 14cm. de altura por 10cm. de di\u00e1metro. Un grupo de delfines van girando entre corrientes de agua sobre una base transl\u00facida que nos deja ver una detallada escena de vida submarina. Importada de Alemania.<\/p>\n","protected":false},"featured_media":156,"comment_status":"closed","ping_status":"closed","template":"","meta":[],"product_brand":[],"product_cat":[7],"product_tag":[],"class_list":{"0":"post-155","1":"product","2":"type-product","3":"status-publish","4":"has-post-thumbnail","6":"product_cat-bolas-nieve","8":"first","9":"outofstock","10":"purchasable","11":"product-type-simple"},"_links":{"self":[{"href":"https:\/\/orbixandorra.com\/index.php\/wp-json\/wp\/v2\/product\/155","targetHints":{"allow":["GET"]}}],"collection":[{"href":"https:\/\/orbixandorra.com\/index.php\/wp-json\/wp\/v2\/product"}],"about":[{"href":"https:\/\/orbixandorra.com\/index.php\/wp-json\/wp\/v2\/types\/product"}],"replies":[{"embeddable":true,"href":"https:\/\/orbixandorra.com\/index.php\/wp-json\/wp\/v2\/comments?post=155"}],"wp:featuredmedia":[{"embeddable":true,"href":"https:\/\/orbixandorra.com\/index.php\/wp-json\/wp\/v2\/media\/156"}],"wp:attachment":[{"href":"https:\/\/orbixandorra.com\/index.php\/wp-json\/wp\/v2\/media?parent=155"}],"wp:term":[{"taxonomy":"product_brand","embeddable":true,"href":"https:\/\/orbixandorra.com\/index.php\/wp-json\/wp\/v2\/product_brand?post=155"},{"taxonomy":"product_cat","embeddable":true,"href":"https:\/\/orbixandorra.com\/index.php\/wp-json\/wp\/v2\/product_cat?post=155"},{"taxonomy":"product_tag","embeddable":true,"href":"https:\/\/orbixandorra.com\/index.php\/wp-json\/wp\/v2\/product_tag?post=155"}],"curies":[{"name":"wp","href":"https:\/\/api.w.org\/{rel}","templated":true}]}}